uppose 0 = d*k - y - 67, 18*k - 20*k - 5*y = -61. What is the highest common divisor of k and 738?
18
Let p(b) = 99*b**3 + 3*b**2 - b - 3. Let k be p(1). Let w = k + -91. Calculate the greatest common divisor of 14 and w.
7
Suppose 2*z = -3*z - 7*z. Suppose 3*g - 4*j + 0 = 50, z = -4*j - 20. Suppose 0 = -5*l - 5*x + 95, -5*x + 2 = 7. What is the highest common factor of g and l?
10
Let y(o) = -12*o**2 + 59*o + 7. Let c be y(5). Suppose -u + 22 = -c*a - 12, 46 = u - 5*a. Calculate the greatest common divisor of u and 52.
26
Let a(k) = -2*k**2 + 15*k + 12. Let g be a(8). Suppose -6*v - g*v = 10. Let j = 11 - v. Calculate the highest common divisor of 4 and j.
4
Suppose 361 - 333 = 4*x - g, 5*x - g = 35. What is the highest common divisor of 6 and x?
1
Let y be 5 + -1 + 8*4. Let d = -24 + y. Let b = 172 + -169. What is the greatest common factor of d and b?
3
Suppose -105 = g + 4*g. Let q = g - -35. Suppose 213 = 4*r - 5*f - 383, -3*r = 5*f - 482. Calculate the greatest common factor of q and r.
14
Let z = 290 - 280. Let d = -192 - -387. Suppose 15*b = z*b + d. What is the highest common divisor of 13 and b?
13
Let h = 16924 - 16831. Calculate the greatest common factor of 5952 and h.
93
Let y be 687/24 - (-2)/((-96)/(-18)). Let z = y - 24. What is the highest common divisor of 1 and z?
1
Let l(m) = 4*m**2 + 5*m - 39. Let c be l(4). Suppose -36*q = -c*q + 108. What is the highest common factor of 204 and q?
12
Let r = -74 + 69. Let a be r/(5/(-3))*(-123)/(-9). Calculate the greatest common divisor of a and 205.
41
Let t = -1452 + 1462. Let i(y) = -33*y**3 + y**2 + y - 2. Let o be i(-2). Suppose t*z - 4*z - o = 0. Calculate the highest common factor of z and 11.
11
Suppose 5*p - 444 = -2*n, 0*n = -3*p - 4*n + 258. Calculate the highest common factor of p and 70.
10
Suppose -3*o - 2164 = 134. Let w = o - -786. Calculate the highest common divisor of w and 52.
4
Let v be ((-480)/112)/(((-50)/(-875))/((-104)/10)). Calculate the greatest common factor of 1625 and v.
65
Let d = 56 + -17. Let c be ((-8)/(-6))/(110/165). Let z be 1/16*c + (-206)/(-16). Calculate the greatest common divisor of z and d.
13
Suppose 5*b - 289 = -4*x, -5*x + b = -231 - 94. What is the highest common factor of 5907 and x?
33
Let s be -645*(1904/(-70))/17. Calculate the greatest common factor of 24 and s.
24
Let m = -48 + 3. Let n = m + 49. Suppose 5*p = -n*f + 365, -4*p - f = 4*f - 283. What is the highest common factor of p and 33?
11
Let i be (-2)/3*(-42)/4 + -114 + 173. What is the highest common divisor of 2145 and i?
33
Suppose -5*f = 0, 54*x - 24 = 51*x + 2*f. What is the greatest common divisor of 152 and x?
8
Let l(i) = -2*i**2 + 53*i - 56. Let o be l(25). Let m(a) = -a**2 + 21*a - 21. Let h be m(o). Calculate the greatest common divisor of 459 and h.
17
Let r = 210 + -212. Let u be 5 - (-267 + -1 + r - -5). What is the greatest common divisor of 54 and u?
54
Let o be ((-20)/56)/((-120)/144) - 5100/(-7). What is the greatest common divisor of o and 18?
9
Let a be 7/((-13)/((-48724)/14)). Calculate the greatest common factor of 6 and a.
2
Let t = 2410 - 1728. Calculate the greatest common factor of 248 and t.
62
Let k(s) = s**3 + 6*s**2 - 4*s - 9. Let m be k(-7). Let t be 184/18 - m/(-135). Calculate the greatest common factor of 50 and t.
10
Let a(z) = -z**3 + 34*z**2 - 66*z + 68. Let w be a(32). Let t = -21 + 37. Calculate the highest common divisor of w and t.
4
Let h(m) = -4*m**2 - 127*m + 86. Let a be h(-30). What is the highest common divisor of 444 and a?
148
Suppose 0 = 25*t - 27*t - 400. Let h = t + 221. What is the highest common divisor of 273 and h?
21
Suppose 53*j - 3*o + 27138 = 58*j, 12*j - 3*o - 65121 = 0. Calculate the greatest common factor of j and 67.
67
Let w be (-652)/(-6) - 280/420. Let p = -179 + 64. Let b = -61 - p. Calculate the greatest common divisor of w and b.
54
Let l be 5 + 1 - (140/(-7))/(-10). Suppose -r - 4*z = -221 + 31, 0 = 4*r + l*z - 748. What is the highest common divisor of r and 310?
62
Let r be 3/((36/5)/12). Let f(o) = 0*o - o - 16 + 2*o + o + 2*o**2. Let u be f(r). Calculate the greatest common divisor of u and 4.
4
Let f(g) be the second derivative of 10*g**2 - 5/4*g**4 + 7*g + 0 + 1/20*g**5 + 0*g**3. Let m be f(15). Calculate the greatest common factor of 8 and m.
4
Let c be (-533)/(-3) + ((-16)/3)/8. Let t = -120 + c. Let x = t - 49. What is the greatest common factor of 2 and x?
2
Let d(b) = 2*b**3 + 28*b**2 - 22*b - 12. Let k be d(-14). Let j(n) = -n**3 + 7*n**2 + 20*n + 15. Let m be j(8). What is the highest common factor of m and k?
37
Let w be -1 + 3/(-2)*30. Let y = w + 40. Let s(p) = p**2 + 5*p + 12. Let d be s(y). What is the highest common divisor of d and 126?
18
Suppose -6 = -2*d, -3*s - 7*d = -4*d - 378. Suppose -s - 437 = -8*i. What is the greatest common divisor of 42 and i?
14
Let m(l) = 43*l**2 + 2*l. Let v be m(-2). Suppose 3*y - 3*g - 27 = 0, -2*y + 3*g + 747 - 734 = 0. What is the greatest common factor of y and v?
14
Let t = 69 - 72. Let m be (14/t)/((-2)/6) - -1. Calculate the highest common factor of m and 15.
15
Let w(c) = 728*c - 112. Let t be w(3). Calculate the highest common factor of t and 56.
56
Suppose 2*o + 7500 + 816 = 16*o. Calculate the greatest common divisor of 462 and o.
66
Let o(u) = 2*u**3 + u**2 + 2*u + 105. Let i be o(0). Calculate the highest common factor of 168 and i.
21
Let t(k) = -4*k**2 - 218*k - 391. Let r be t(-51). What is the greatest common factor of 152 and r?
19
Let o = -54 + 164. Let b = o + -94. Let x(w) = w**2 + 24. Let g be x(0). Calculate the highest common divisor of b and g.
8
Let k = -3088 + 3088. Let d = -20 - -33. Suppose k = -5*l + 4*l + d. What is the greatest common divisor of 13 and l?
13
Suppose 0 = -77*z - 2752 + 66816. Calculate the greatest common factor of z and 754.
26
Let r(m) = m**2 + 332*m + 5682. Let a be r(-18). Let v be ((-21)/14)/((-2)/100). What is the highest common factor of a and v?
15
Let r = -7247 + 7556. Calculate the greatest common factor of r and 1648.
103
Let m be (-29)/(-4) - 4/16. Let o = -39 + 41. Suppose b - 21 = -o*b. What is the highest common factor of m and b?
7
Let s = 188 + -201. Let b(w) = w**3 + 12*w**2 - 17*w - 27. Let f be b(s). Calculate the greatest common divisor of f and 1.
1
Let y = 115852 - 115714. Suppose -4*w + 82 = -194. What is the greatest common factor of w and y?
69
Suppose m + 3*h = 49, -5*m + 28 = 5*h - 167. Suppose m = 5*z + 14. Let l = 10 + 34. Calculate the highest common factor of z and l.
4
Let x be ((-124)/80 + (-13)/260)*-35. Let o(b) = 5*b**2 - 4*b + 2. Let j be o(3). What is the greatest common divisor of j and x?
7
Let q(s) = 32*s - 6 - 19*s + 30*s**2 - 20*s. Let i be q(3). Calculate the highest common factor of i and 27.
27
Let x(g) = -5*g - 98. Let p be x(-19). Let y be (2 - (-5)/p)/(71/2556). What is the greatest common factor of 12 and y?
12
Let w = 20 - 4. Let f(j) = -3*j**2 + 181*j - 56. Let l be f(60). What is the greatest common divisor of w and l?
4
Let u = -1987 - -2251. Calculate the greatest common divisor of u and 96.
24
Let d be (-3)/(6/80)*620/(-80). Let p = 499 - d. Calculate the highest common divisor of 315 and p.
63
Let x be 15/(12 - 17) - -542. Calculate the greatest common divisor of x and 343.
49
Let j(a) = -a**3 + 7*a**2 - 9*a + 4. Let f be j(5). Suppose 424 = f*v - 386. What is the highest common divisor of 90 and v?
90
Suppose 1051*f = 916*f + 555390. What is the highest common divisor of 110 and f?
22
Let l = 7 - -102. Let b be l/(-4) + (-1)/(-4). Let r be 164/9 + 6/b. Calculate the greatest common divisor of r and 27.
9
Let p(l) be the second derivative of 31*l + 1/20*l**5 - 9/2*l**2 + 0 - 1/3*l**4 - 3/2*l**3. Let g be p(6). Calculate the highest common divisor of g and 12.
3
Suppose 0 = 4*v - v + 4*d - 47, -4*v = d - 41. Let q be -486*(-9 - (-364)/42). Suppose v*p = 3*p + q. What is the highest common divisor of 3 and p?
3
Suppose 0 = -29*m + 2106 + 707 + 667. What is the highest common divisor of m and 1392?
24
Suppose 2*o = 3*m - 1159, 0 = -2*o + m - 620 - 537. Let b be (8/(-3))/4 + o/(-3). Let p = b + -136. Calculate the highest common divisor of 7 and p.
7
Suppose 7*o + 684 = -2*o. Let m = -73 - o. Let b(i) = -i**3 - 33*i**2 + 33*i - 25. Let s be b(-34). Cal